{"id":448,"date":"2022-09-07T09:50:30","date_gmt":"2022-09-07T09:50:30","guid":{"rendered":"https:\/\/jornadadermomurcia.cofrm.com\/?page_id=448"},"modified":"2026-03-31T11:55:34","modified_gmt":"2026-03-31T09:55:34","slug":"informacion","status":"publish","type":"page","link":"https:\/\/master.cofrm.com\/index.php\/informacion\/","title":{"rendered":"Informaci\u00f3n"},"content":{"rendered":"<div id=\"informacion\" style=\"position: relative; top: -90px;\">\u00a0<\/div>\n\n\n<div class=\"wp-block-columns is-layout-flex wp-container-core-columns-is-layout-9d6595d7 wp-block-columns-is-layout-flex\">\n<div class=\"wp-block-column is-layout-flow wp-block-column-is-layout-flow\">\n<div class=\"wp-block-columns has-white-color has-text-color has-background has-link-color wp-elements-ee03a148fff653581d4adc715cd70879 is-layout-flex wp-container-core-columns-is-layout-9d6595d7 wp-block-columns-is-layout-flex\" style=\"background:linear-gradient(32deg,rgb(88,165,201) 0%,rgb(24,153,102) 100%)\">\n<div class=\"wp-block-column is-vertically-aligned-center is-layout-flow wp-block-column-is-layout-flow\" style=\"flex-basis:33.33%\">\n<p class=\"has-large-font-size\" <p <p style=\"transform: rotate(-90deg); transform-origin: left top; white-space: nowrap; margin-top: 45px;\"\n>QU\u00c9  \n       OFRECEMOS<\/p>\n<\/div>\n\n\n\n<div class=\"wp-block-column is-layout-flow wp-block-column-is-layout-flow\" style=\"flex-basis:66.66%\">\n<div style=\"height:21px\" aria-hidden=\"true\" class=\"wp-block-spacer\"><\/div>\n\n\n\n<div class=\"wp-block-group is-layout-grid wp-container-core-group-is-layout-baef362d wp-block-group-is-layout-grid\">\n<div class=\"wp-block-group is-vertical is-layout-flex wp-container-core-group-is-layout-8cf370e7 wp-block-group-is-layout-flex\">\n<p class=\"has-x-large-font-size\"><strong>01<\/strong><\/p>\n\n\n\n<div class=\"wp-block-group is-vertical is-layout-flex wp-container-core-group-is-layout-8cf370e7 wp-block-group-is-layout-flex\">\n<div class=\"wp-block-group is-vertical is-layout-flex wp-container-core-group-is-layout-8cf370e7 wp-block-group-is-layout-flex\">\n<p><strong>La formaci\u00f3n se dirige a farmac\u00e9uticos<\/strong>&nbsp;que ejerzan o quieran ejercer en Oficina de Farmacia, tanto como adjuntos o titulares. Les permitir\u00e1 implementar sistemas para modernizar la Farmacia y prepararse para una aplicaci\u00f3n inmediata y\/ o futura.<\/p>\n<\/div>\n<\/div>\n<\/div>\n\n\n\n<div class=\"wp-block-group is-vertical is-layout-flex wp-container-core-group-is-layout-8cf370e7 wp-block-group-is-layout-flex\">\n<p class=\"has-x-large-font-size\"><strong>02<\/strong><\/p>\n\n\n\n<div class=\"wp-block-group is-vertical is-layout-flex wp-container-core-group-is-layout-8cf370e7 wp-block-group-is-layout-flex\">\n<div class=\"wp-block-group is-vertical is-layout-flex wp-container-core-group-is-layout-8cf370e7 wp-block-group-is-layout-flex\">\n<p><strong>Formaci\u00f3n comprometida y responsable,<\/strong>&nbsp;incluyendo los ODS de Naciones Unidas.<\/p>\n<\/div>\n<\/div>\n<\/div>\n\n\n\n<div class=\"wp-block-group is-vertical is-layout-flex wp-container-core-group-is-layout-8cf370e7 wp-block-group-is-layout-flex\">\n<p class=\"has-x-large-font-size\"><strong>03<\/strong><\/p>\n\n\n\n<div class=\"wp-block-group is-vertical is-layout-flex wp-container-core-group-is-layout-8cf370e7 wp-block-group-is-layout-flex\">\n<div class=\"wp-block-group is-vertical is-layout-flex wp-container-core-group-is-layout-8cf370e7 wp-block-group-is-layout-flex\">\n<p><strong>Formaci\u00f3n \u00danica,<\/strong>&nbsp;teniendo como foco el paciente cr\u00f3nico y la coordinaci\u00f3n con primaria.<\/p>\n<\/div>\n<\/div>\n<\/div>\n\n\n\n<div class=\"wp-block-group is-vertical is-layout-flex wp-container-core-group-is-layout-8cf370e7 wp-block-group-is-layout-flex\">\n<p class=\"has-x-large-font-size\"><strong>04<\/strong><\/p>\n\n\n\n<div class=\"wp-block-group is-vertical is-layout-flex wp-container-core-group-is-layout-8cf370e7 wp-block-group-is-layout-flex\">\n<div class=\"wp-block-group is-vertical is-layout-flex wp-container-core-group-is-layout-8cf370e7 wp-block-group-is-layout-flex\">\n<p><strong>Formaci\u00f3n exclusiva,<\/strong>&nbsp;pues no existe en el mercado otro m\u00e1ster igual, focalizado en la gesti\u00f3n econ\u00f3mica sostenible y la atenci\u00f3n farmac\u00e9utica del paciente cr\u00f3nico.<\/p>\n<\/div>\n<\/div>\n<\/div>\n\n\n\n<div class=\"wp-block-group is-vertical is-layout-flex wp-container-core-group-is-layout-8cf370e7 wp-block-group-is-layout-flex\">\n<p class=\"has-x-large-font-size\"><strong>05<\/strong><\/p>\n\n\n\n<div class=\"wp-block-group is-vertical is-layout-flex wp-container-core-group-is-layout-8cf370e7 wp-block-group-is-layout-flex\">\n<div class=\"wp-block-group is-vertical is-layout-flex wp-container-core-group-is-layout-8cf370e7 wp-block-group-is-layout-flex\">\n<p><strong>Formaci\u00f3n eminentemente pr\u00e1ctica,<\/strong>&nbsp;impartida por profesionales de reconocido prestigio en ejercicio de las materias y profesorado de la UMU especializado.<\/p>\n<\/div>\n<\/div>\n<\/div>\n\n\n\n<div class=\"wp-block-group is-vertical is-layout-flex wp-container-core-group-is-layout-8cf370e7 wp-block-group-is-layout-flex\">\n<p class=\"has-x-large-font-size\"><strong>06<\/strong><\/p>\n\n\n\n<div class=\"wp-block-group is-vertical is-layout-flex wp-container-core-group-is-layout-8cf370e7 wp-block-group-is-layout-flex\">\n<div class=\"wp-block-group is-vertical is-layout-flex wp-container-core-group-is-layout-8cf370e7 wp-block-group-is-layout-flex\">\n<p><strong>Formaci\u00f3n excepcional,<\/strong>&nbsp;donde el alumno, bas\u00e1ndose en los modelos de ense\u00f1anza activa y pr\u00e1ctica, desarrollar\u00e1 un sistema de coparticipaci\u00f3n con el profesorado.<\/p>\n<\/div>\n<\/div>\n<\/div>\n<\/div>\n<\/div>\n<\/div>\n<\/div>\n<\/div>\n\n\n\n<p class=\"has-text-align-center\" style=\"font-size:66px\">Qu\u00e9 ofertamos<\/p>\n\n\n\n<p class=\"has-text-align-center has-large-font-size\"><strong><mark style=\"background-color:#ffffff\" class=\"has-inline-color has-vivid-cyan-blue-color\">MODALIDAD SEMIPRESENCIAL<\/mark><\/strong><\/p>\n\n\n\n<div class=\"wp-block-columns is-layout-flex wp-container-core-columns-is-layout-9d6595d7 wp-block-columns-is-layout-flex\">\n<div class=\"wp-block-column is-layout-flow wp-block-column-is-layout-flow\">\n<div class=\"wp-block-group is-vertical is-layout-flex wp-container-core-group-is-layout-8cf370e7 wp-block-group-is-layout-flex\">\n<ul class=\"wp-block-list\">\n<li><strong>ONLINE<\/strong><\/li>\n<\/ul>\n<\/div>\n\n\n\n<p>Videoconferencias en directo, foros interactivos y actividades en nuestro campus virtual. Sesiones martes y jueves online en horario de tardes (<a href=\"https:\/\/master.cofrm.com\/wp-content\/uploads\/2026\/01\/CRONOGRAMA-MASTER.pdf\"><mark style=\"background-color:rgba(0, 0, 0, 0)\" class=\"has-inline-color has-vivid-cyan-blue-color\"><strong>consultar cronograma<\/strong><\/mark><\/a>).<\/p>\n<\/div>\n\n\n\n<div class=\"wp-block-column is-layout-flow wp-block-column-is-layout-flow\">\n<div class=\"wp-block-group is-vertical is-layout-flex wp-container-core-group-is-layout-8cf370e7 wp-block-group-is-layout-flex\">\n<ul class=\"wp-block-list\">\n<li><strong>PRESENCIAL<\/strong><\/li>\n<\/ul>\n<\/div>\n\n\n\n<p>Durante esa fase se establece contacto personal con el profesorado y el resto de compa\u00f1eros del grupo. Se desarrollar\u00e1n sesiones te\u00f3rico\/pr\u00e1cticas, generando as\u00ed la oportunidad de intercambiar experiencias y poner en pr\u00e1ctica los conocimientos adquiridos. Sesiones presenciales viernes por la tarde y s\u00e1bado por la ma\u00f1ana (<a href=\"https:\/\/master.cofrm.com\/wp-content\/uploads\/2026\/01\/CRONOGRAMA-MASTER.pdf\"><strong><mark style=\"background-color:rgba(0, 0, 0, 0)\" class=\"has-inline-color has-vivid-cyan-blue-color\">cronograma<\/mark><\/strong><\/a>).<\/p>\n<\/div>\n<\/div>\n\n\n\n<div class=\"wp-block-group is-vertical is-layout-flex wp-container-core-group-is-layout-8cf370e7 wp-block-group-is-layout-flex\">\n<ul class=\"wp-block-list\">\n<li class=\"has-medium-font-size\"><a href=\"https:\/\/casiopea.um.es\/cursospe\/farmaciacomunitariai.f\"><strong>M\u00c1STER EN GESTI\u00d3N DE FARMACIA COMUNITARIA Y ATENCI\u00d3N FARMACE\u00daTICA DE LA CRONICIDAD&nbsp;<em>(60 ECTS)<\/em><\/strong>. <strong>Matr\u00edcula cerrada<\/strong>.<\/a><\/li>\n<\/ul>\n<\/div>\n\n\n\n<ul class=\"wp-block-list\">\n<li class=\"has-medium-font-size\"><a href=\"https:\/\/casiopea.um.es\/cursospe\/casiopea.portal.ficha.do?a=FDB606086652E5D14C3D7E0E83B86E6B\"><strong>DIPLOMA DE ESPECIALIZACI\u00d3N EN ATENCI\u00d3N FARMAC\u00c9UTICA DE LA CRONICIDAD&nbsp;<em>(30 ECTS)<\/em><\/strong>. <strong>Matr\u00edcula cerrada.<\/strong><\/a><\/li>\n<\/ul>\n\n\n\n<p><\/p>\n\n\n\n<p>El M\u00e1ster y el Diploma de Especializaci\u00f3n en Atenci\u00f3n Farmac\u00e9utica de la Cronicidad ha dado comienzo pero si est\u00e1s interesado, puedes consultar en el COFRM sobre las pr\u00f3ximas ediciones.<\/p>\n\n\n\n<p class=\"has-text-align-center has-black-color has-text-color has-link-color has-x-large-font-size wp-elements-c00196f6d2b2631b52796bf6299808bc\"><mark style=\"background-color:#ffffff\" class=\"has-inline-color has-vivid-cyan-blue-color\"><a href=\"https:\/\/casiopea.um.es\/cursospe\/casiopea.portal.ficha.do?a=FDB606086652E5D1BF80912A91B22107\">Si lo que te interesa es la gesti\u00f3n&#8230; a\u00fan tienes una oportunidad.<\/a><\/mark><\/p>\n\n\n\n<ul class=\"wp-block-list\">\n<li class=\"has-black-color has-text-color has-link-color has-medium-font-size wp-elements-0832518b1bd71cfd05572ad8b9b385e8\"><strong><a href=\"https:\/\/casiopea.um.es\/cursospe\/casiopea.portal.ficha.do?a=FDB606086652E5D1BF80912A91B22107\">DIPLOMA DE EXPERTO EN GESTI\u00d3N DE FARMACIA COMUNITARIA&nbsp;<em>(24 ECTS)<\/em><\/a><\/strong><\/li>\n<\/ul>\n\n\n\n<p class=\"margen-izq\"><strong>Periodo acad\u00e9mico:<\/strong>\u00a0del 05\/05\/2026 al 06\/02\/2027<br><strong>MATR\u00cdCULA <a href=\"https:\/\/casiopea.um.es\/cursospe\/casiopea.portal.ficha.do?a=FDB606086652E5D1BF80912A91B22107\">ABIERTA AQU\u00cd<\/a><\/strong> (hasta el 25\/04\/2026): <strong>1.520\u20ac.<\/strong>*<\/p>\n\n\n\n<p>Bonificable por <strong>FUNDAE <\/strong>hasta 420\u20ac por farmacia\/a\u00f1o* (dependiendo del N.\u00ba de empleados).<\/p>\n\n\n\n<p><strong>M\u00e1s informaci\u00f3n en el Departamento de Formaci\u00f3n del COFRM<\/strong> (formaci\u00f3n@cofrm.com).<\/p>\n\n\n\n<figure class=\"wp-block-image size-large\"><a href=\"https:\/\/casiopea.um.es\/cursospe\/casiopea.portal.ficha.do?a=FDB606086652E5D1BF80912A91B22107\"><img loading=\"lazy\" decoding=\"async\" width=\"1024\" height=\"576\" src=\"https:\/\/master.cofrm.com\/wp-content\/uploads\/2025\/11\/diploma-experto-gestion-1-1024x576.jpg\" alt=\"\" class=\"wp-image-3564\" srcset=\"https:\/\/master.cofrm.com\/wp-content\/uploads\/2025\/11\/diploma-experto-gestion-1-1024x576.jpg 1024w, https:\/\/master.cofrm.com\/wp-content\/uploads\/2025\/11\/diploma-experto-gestion-1-300x169.jpg 300w, https:\/\/master.cofrm.com\/wp-content\/uploads\/2025\/11\/diploma-experto-gestion-1-768x432.jpg 768w, https:\/\/master.cofrm.com\/wp-content\/uploads\/2025\/11\/diploma-experto-gestion-1-1536x864.jpg 1536w, https:\/\/master.cofrm.com\/wp-content\/uploads\/2025\/11\/diploma-experto-gestion-1.jpg 1920w\" sizes=\"auto, (max-width: 767px) 89vw, (max-width: 1000px) 54vw, (max-width: 1071px) 543px, 580px\" \/><\/a><\/figure>\n\n\n\n<p>( * ) Posibilidades de financiaci\u00f3n en Caixabank <\/p>\n\n\n\n<p class=\"has-text-align-center has-x-large-font-size\"><mark style=\"background-color:rgba(0, 0, 0, 0)\" class=\"has-inline-color has-vivid-green-cyan-color\"><strong><a href=\"http:\/\/segura una de las \u00faltimas plazas en el Diploma de Experto en Gesti\u00f3n de Farmacia.\">\u00a1Asegura una de las \u00faltimas plazas en el Diploma de Experto en Gesti\u00f3n de Farmacia Comunitaria!<\/a><\/strong> <\/mark><\/p>\n\n\n\n<p><\/p>\n\n\n\n<div style=\"height:61px\" aria-hidden=\"true\" class=\"wp-block-spacer\"><\/div>\n\n\n\n<style>\n  .pulse-button-wrapper {\n    display: flex;\n    justify-content: center;\n    margin-top: 30px;\n  }\n\n  .pulse-button {\n    display: inline-block;\n    padding: 28px 72px; \/* Bot\u00f3n m\u00e1s grande *\/\n    background-color: rgb(88, 165, 201);\n    color: #FFFFFF !important;\n    font-size: 30px; \/* TEXTO M\u00c1S GRANDE *\/\n    font-family: sans-serif;\n    border-radius: 0; \/* Sin bordes redondeados *\/\n    text-decoration: none !important;\n    text-align: center;\n    animation: pulse 2s infinite;\n    box-shadow: 0 0 0 0 rgba(88, 165, 201, 0.7);\n    transition: background-color 0.3s ease-in-out, transform 0.2s ease-in-out;\n  }\n\n  .pulse-button:hover {\n    background-color: rgb(70, 140, 170); \/* Tono m\u00e1s oscuro *\/\n    transform: scale(1.05);\n    color: #FFFFFF !important;\n  }\n\n  @keyframes pulse {\n    0% {\n      transform: scale(1);\n      box-shadow: 0 0 0 0 rgba(88, 165, 201, 0.7);\n    }\n    70% {\n      transform: scale(1.03);\n      box-shadow: 0 0 0 25px rgba(88, 165, 201, 0);\n    }\n    100% {\n      transform: scale(1);\n      box-shadow: 0 0 0 0 rgba(88, 165, 201, 0);\n    }\n  }\n<\/style>\n\n<div id=\"inscripcion\" style=\"position: relative; top: -75px;\"><\/div>\n\n<div class=\"pulse-button-wrapper\">\n  <a class=\"pulse-button\" href=\"https:\/\/casiopea.um.es\/cursospe\/casiopea.portal.ficha.do?a=FDB606086652E5D1BF80912A91B22107\" target=\"_blank\">\n    Matric\u00falate\n  <\/a>\n<\/div>\n\n\n\n<p><\/p>\n","protected":false},"excerpt":{"rendered":"<p>\u00a0<\/p>\n","protected":false},"author":1,"featured_media":0,"parent":0,"menu_order":0,"comment_status":"closed","ping_status":"closed","template":"","meta":{"footnotes":""},"class_list":["post-448","page","type-page","status-publish","hentry"],"yoast_head":"<!-- This site is optimized with the Yoast SEO plugin v19.8 - https:\/\/yoast.com\/wordpress\/plugins\/seo\/ -->\n<title>Informaci\u00f3n - M\u00e1ster en Farmacia Comunitaria<\/title>\n<meta name=\"robots\" content=\"index, follow, max-snippet:-1, max-image-preview:large, max-video-preview:-1\" \/>\n<link rel=\"canonical\" href=\"https:\/\/master.cofrm.com\/index.php\/informacion\/\" \/>\n<meta property=\"og:locale\" content=\"es_ES\" \/>\n<meta property=\"og:type\" content=\"article\" \/>\n<meta property=\"og:title\" content=\"Informaci\u00f3n - M\u00e1ster en Farmacia Comunitaria\" \/>\n<meta property=\"og:description\" content=\"\u00a0\" \/>\n<meta property=\"og:url\" content=\"https:\/\/master.cofrm.com\/index.php\/informacion\/\" \/>\n<meta property=\"og:site_name\" content=\"M\u00e1ster en Farmacia Comunitaria\" \/>\n<meta property=\"article:modified_time\" content=\"2026-03-31T09:55:34+00:00\" \/>\n<meta property=\"og:image\" content=\"https:\/\/master.cofrm.com\/wp-content\/uploads\/2025\/11\/diploma-experto-gestion-1-1024x576.jpg\" \/>\n<meta name=\"twitter:card\" content=\"summary_large_image\" \/>\n<meta name=\"twitter:label1\" content=\"Tiempo de lectura\" \/>\n\t<meta name=\"twitter:data1\" content=\"3 minutos\" \/>\n<script type=\"application\/ld+json\" class=\"yoast-schema-graph\">{\"@context\":\"https:\/\/schema.org\",\"@graph\":[{\"@type\":\"WebPage\",\"@id\":\"https:\/\/master.cofrm.com\/index.php\/informacion\/\",\"url\":\"https:\/\/master.cofrm.com\/index.php\/informacion\/\",\"name\":\"Informaci\u00f3n - M\u00e1ster en Farmacia Comunitaria\",\"isPartOf\":{\"@id\":\"https:\/\/master.cofrm.com\/#website\"},\"datePublished\":\"2022-09-07T09:50:30+00:00\",\"dateModified\":\"2026-03-31T09:55:34+00:00\",\"breadcrumb\":{\"@id\":\"https:\/\/master.cofrm.com\/index.php\/informacion\/#breadcrumb\"},\"inLanguage\":\"es\",\"potentialAction\":[{\"@type\":\"ReadAction\",\"target\":[\"https:\/\/master.cofrm.com\/index.php\/informacion\/\"]}]},{\"@type\":\"BreadcrumbList\",\"@id\":\"https:\/\/master.cofrm.com\/index.php\/informacion\/#breadcrumb\",\"itemListElement\":[{\"@type\":\"ListItem\",\"position\":1,\"name\":\"Portada\",\"item\":\"https:\/\/master.cofrm.com\/\"},{\"@type\":\"ListItem\",\"position\":2,\"name\":\"Informaci\u00f3n\"}]},{\"@type\":\"WebSite\",\"@id\":\"https:\/\/master.cofrm.com\/#website\",\"url\":\"https:\/\/master.cofrm.com\/\",\"name\":\"M\u00e1ster en Farmacia Comunitaria\",\"description\":\"MasterFarmaciaComunitaria\",\"publisher\":{\"@id\":\"https:\/\/master.cofrm.com\/#organization\"},\"potentialAction\":[{\"@type\":\"SearchAction\",\"target\":{\"@type\":\"EntryPoint\",\"urlTemplate\":\"https:\/\/master.cofrm.com\/?s={search_term_string}\"},\"query-input\":\"required name=search_term_string\"}],\"inLanguage\":\"es\"},{\"@type\":\"Organization\",\"@id\":\"https:\/\/master.cofrm.com\/#organization\",\"name\":\"M\u00e1ster en Farmacia Comunitaria\",\"url\":\"https:\/\/master.cofrm.com\/\",\"sameAs\":[],\"logo\":{\"@type\":\"ImageObject\",\"inLanguage\":\"es\",\"@id\":\"https:\/\/master.cofrm.com\/#\/schema\/logo\/image\/\",\"url\":\"https:\/\/jornadadermomurcia.cofrm.com\/wp-content\/uploads\/2022\/09\/Logo_dermo.png\",\"contentUrl\":\"https:\/\/jornadadermomurcia.cofrm.com\/wp-content\/uploads\/2022\/09\/Logo_dermo.png\",\"width\":1173,\"height\":380,\"caption\":\"M\u00e1ster en Farmacia Comunitaria\"},\"image\":{\"@id\":\"https:\/\/master.cofrm.com\/#\/schema\/logo\/image\/\"}}]}<\/script>\n<!-- \/ Yoast SEO plugin. -->","yoast_head_json":{"title":"Informaci\u00f3n - M\u00e1ster en Farmacia Comunitaria","robots":{"index":"index","follow":"follow","max-snippet":"max-snippet:-1","max-image-preview":"max-image-preview:large","max-video-preview":"max-video-preview:-1"},"canonical":"https:\/\/master.cofrm.com\/index.php\/informacion\/","og_locale":"es_ES","og_type":"article","og_title":"Informaci\u00f3n - M\u00e1ster en Farmacia Comunitaria","og_description":"\u00a0","og_url":"https:\/\/master.cofrm.com\/index.php\/informacion\/","og_site_name":"M\u00e1ster en Farmacia Comunitaria","article_modified_time":"2026-03-31T09:55:34+00:00","og_image":[{"url":"https:\/\/master.cofrm.com\/wp-content\/uploads\/2025\/11\/diploma-experto-gestion-1-1024x576.jpg"}],"twitter_card":"summary_large_image","twitter_misc":{"Tiempo de lectura":"3 minutos"},"schema":{"@context":"https:\/\/schema.org","@graph":[{"@type":"WebPage","@id":"https:\/\/master.cofrm.com\/index.php\/informacion\/","url":"https:\/\/master.cofrm.com\/index.php\/informacion\/","name":"Informaci\u00f3n - M\u00e1ster en Farmacia Comunitaria","isPartOf":{"@id":"https:\/\/master.cofrm.com\/#website"},"datePublished":"2022-09-07T09:50:30+00:00","dateModified":"2026-03-31T09:55:34+00:00","breadcrumb":{"@id":"https:\/\/master.cofrm.com\/index.php\/informacion\/#breadcrumb"},"inLanguage":"es","potentialAction":[{"@type":"ReadAction","target":["https:\/\/master.cofrm.com\/index.php\/informacion\/"]}]},{"@type":"BreadcrumbList","@id":"https:\/\/master.cofrm.com\/index.php\/informacion\/#breadcrumb","itemListElement":[{"@type":"ListItem","position":1,"name":"Portada","item":"https:\/\/master.cofrm.com\/"},{"@type":"ListItem","position":2,"name":"Informaci\u00f3n"}]},{"@type":"WebSite","@id":"https:\/\/master.cofrm.com\/#website","url":"https:\/\/master.cofrm.com\/","name":"M\u00e1ster en Farmacia Comunitaria","description":"MasterFarmaciaComunitaria","publisher":{"@id":"https:\/\/master.cofrm.com\/#organization"},"potentialAction":[{"@type":"SearchAction","target":{"@type":"EntryPoint","urlTemplate":"https:\/\/master.cofrm.com\/?s={search_term_string}"},"query-input":"required name=search_term_string"}],"inLanguage":"es"},{"@type":"Organization","@id":"https:\/\/master.cofrm.com\/#organization","name":"M\u00e1ster en Farmacia Comunitaria","url":"https:\/\/master.cofrm.com\/","sameAs":[],"logo":{"@type":"ImageObject","inLanguage":"es","@id":"https:\/\/master.cofrm.com\/#\/schema\/logo\/image\/","url":"https:\/\/jornadadermomurcia.cofrm.com\/wp-content\/uploads\/2022\/09\/Logo_dermo.png","contentUrl":"https:\/\/jornadadermomurcia.cofrm.com\/wp-content\/uploads\/2022\/09\/Logo_dermo.png","width":1173,"height":380,"caption":"M\u00e1ster en Farmacia Comunitaria"},"image":{"@id":"https:\/\/master.cofrm.com\/#\/schema\/logo\/image\/"}}]}},"_links":{"self":[{"href":"https:\/\/master.cofrm.com\/index.php\/wp-json\/wp\/v2\/pages\/448","targetHints":{"allow":["GET"]}}],"collection":[{"href":"https:\/\/master.cofrm.com\/index.php\/wp-json\/wp\/v2\/pages"}],"about":[{"href":"https:\/\/master.cofrm.com\/index.php\/wp-json\/wp\/v2\/types\/page"}],"author":[{"embeddable":true,"href":"https:\/\/master.cofrm.com\/index.php\/wp-json\/wp\/v2\/users\/1"}],"replies":[{"embeddable":true,"href":"https:\/\/master.cofrm.com\/index.php\/wp-json\/wp\/v2\/comments?post=448"}],"version-history":[{"count":260,"href":"https:\/\/master.cofrm.com\/index.php\/wp-json\/wp\/v2\/pages\/448\/revisions"}],"predecessor-version":[{"id":3600,"href":"https:\/\/master.cofrm.com\/index.php\/wp-json\/wp\/v2\/pages\/448\/revisions\/3600"}],"wp:attachment":[{"href":"https:\/\/master.cofrm.com\/index.php\/wp-json\/wp\/v2\/media?parent=448"}],"curies":[{"name":"wp","href":"https:\/\/api.w.org\/{rel}","templated":true}]}}