{"id":815,"date":"2022-09-16T11:30:39","date_gmt":"2022-09-16T11:30:39","guid":{"rendered":"https:\/\/jornadadermomurcia.cofrm.com\/?page_id=815"},"modified":"2022-09-16T11:30:39","modified_gmt":"2022-09-16T11:30:39","slug":"el-cofrm-reune-a-los-mayores-expertos-en-dermofarmacia-de-espana-en-la-jornada-dermoconciencia","status":"publish","type":"page","link":"https:\/\/master.cofrm.com\/index.php\/el-cofrm-reune-a-los-mayores-expertos-en-dermofarmacia-de-espana-en-la-jornada-dermoconciencia\/","title":{"rendered":"El COFRM re\u00fane a los mayores expertos en Dermofarmacia de Espa\u00f1a en la jornada &#8220;DermoConCiencia&#8221;"},"content":{"rendered":"<div class=\"wp-block-image\">\n<figure class=\"aligncenter size-large is-resized\"><img loading=\"lazy\" decoding=\"async\" src=\"https:\/\/jornadadermomurcia.cofrm.com\/wp-content\/uploads\/2022\/09\/jornada-dermo-pdf-1024x733.png\" alt=\"\" class=\"wp-image-816\" width=\"438\" height=\"313\"\/><\/figure>\n<\/div>\n\n\n<h2 class=\"wp-block-heading\">El encuentro tendr\u00e1 lugar el 27 y 28 de octubre en el auditorio el Batel en Cartagena.<\/h2>\n\n\n\n<p>La Vocal\u00eda de Dermofarmacia del Colegio Oficial de Farmac\u00e9uticos de la Regi\u00f3n de Murcia ha organizado, para los pr\u00f3ximos 27 y 28 de octubre, la II Jornada de Dermofarmacia bajo el t\u00edtulo \u2018DermoConCiencia\u2019 en el Auditorio y Palacio de Congresos El Batel en Cartagena.<\/p>\n\n\n\n<p>Con un enfoque innovador y muy pr\u00e1ctico, la Jornada re\u00fane a los mayores expertos en <em>dermo <\/em>de Espa\u00f1a que unir\u00e1n a la visi\u00f3n cient\u00edfica y asistencial la perspectiva dermoest\u00e9tica.<\/p>\n\n\n\n<p>El programa comprende 7 ponencias, una mesa redonda y tres talleres pr\u00e1cticos.<\/p>\n\n\n\n<p>Expertos como Arturo \u00c1lvarez Bautista, Gema Herrer\u00edas, Boticariagarc\u00eda, Isabel Vi\u00f1a, Bego\u00f1a Saralegui y AzucenA Baela, impartir\u00e1n sus ponencias orientadas a c\u00f3mo iniciar o potenciar la secci\u00f3n <em>dermo<\/em> en las oficinas de farmacia. El programa incluye tambi\u00e9n a dos farmac\u00e9uticas de la Regi\u00f3n de Murcia, M\u00aa \u00c1ngeles Garc\u00eda Molina y Carmen D\u00edaz Toledo, referentes en la materia a nivel regional.<\/p>\n\n\n\n<p>La II Jornada de Dermofarmacia se completa con talleres pr\u00e1cticos sobre \u201cSalud Femenia\u201d, \u201cDermoan\u00e1lisis sin dermonalizador\u201d y \u201cMaquillaje\u201d. El plazo de inscripci\u00f3n estar\u00e1 abierto hasta el 24 de octubre a las 15:00 h<\/p>\n","protected":false},"excerpt":{"rendered":"<p>El encuentro tendr\u00e1 lugar el 27 y 28 de octubre en el auditorio el Batel en Cartagena. La Vocal\u00eda de Dermofarmacia del Colegio Oficial de Farmac\u00e9uticos de la Regi\u00f3n de Murcia ha organizado, para los pr\u00f3ximos 27 y 28 de octubre, la II Jornada de Dermofarmacia bajo el t\u00edtulo \u2018DermoConCiencia\u2019 en el Auditorio y Palacio &hellip; <\/p>\n<p class=\"link-more\"><a href=\"https:\/\/master.cofrm.com\/index.php\/el-cofrm-reune-a-los-mayores-expertos-en-dermofarmacia-de-espana-en-la-jornada-dermoconciencia\/\" class=\"more-link\">Continuar leyendo<span class=\"screen-reader-text\"> &#8220;El COFRM re\u00fane a los mayores expertos en Dermofarmacia de Espa\u00f1a en la jornada &#8220;DermoConCiencia&#8221;&#8221;<\/span><\/a><\/p>\n","protected":false},"author":1,"featured_media":0,"parent":0,"menu_order":0,"comment_status":"closed","ping_status":"closed","template":"","meta":{"footnotes":""},"class_list":["post-815","page","type-page","status-publish","hentry"],"yoast_head":"<!-- This site is optimized with the Yoast SEO plugin v19.8 - https:\/\/yoast.com\/wordpress\/plugins\/seo\/ -->\n<title>El COFRM re\u00fane a los mayores expertos en Dermofarmacia de Espa\u00f1a en la jornada &quot;DermoConCiencia&quot; - M\u00e1ster en Farmacia Comunitaria<\/title>\n<meta name=\"robots\" content=\"index, follow, max-snippet:-1, max-image-preview:large, max-video-preview:-1\" \/>\n<link rel=\"canonical\" href=\"https:\/\/master.cofrm.com\/index.php\/el-cofrm-reune-a-los-mayores-expertos-en-dermofarmacia-de-espana-en-la-jornada-dermoconciencia\/\" \/>\n<meta property=\"og:locale\" content=\"es_ES\" \/>\n<meta property=\"og:type\" content=\"article\" \/>\n<meta property=\"og:title\" content=\"El COFRM re\u00fane a los mayores expertos en Dermofarmacia de Espa\u00f1a en la jornada &quot;DermoConCiencia&quot; - M\u00e1ster en Farmacia Comunitaria\" \/>\n<meta property=\"og:description\" content=\"El encuentro tendr\u00e1 lugar el 27 y 28 de octubre en el auditorio el Batel en Cartagena. La Vocal\u00eda de Dermofarmacia del Colegio Oficial de Farmac\u00e9uticos de la Regi\u00f3n de Murcia ha organizado, para los pr\u00f3ximos 27 y 28 de octubre, la II Jornada de Dermofarmacia bajo el t\u00edtulo \u2018DermoConCiencia\u2019 en el Auditorio y Palacio &hellip; Continuar leyendo &quot;El COFRM re\u00fane a los mayores expertos en Dermofarmacia de Espa\u00f1a en la jornada &#8220;DermoConCiencia&#8221;&quot;\" \/>\n<meta property=\"og:url\" content=\"https:\/\/master.cofrm.com\/index.php\/el-cofrm-reune-a-los-mayores-expertos-en-dermofarmacia-de-espana-en-la-jornada-dermoconciencia\/\" \/>\n<meta property=\"og:site_name\" content=\"M\u00e1ster en Farmacia Comunitaria\" \/>\n<meta property=\"og:image\" content=\"https:\/\/jornadadermomurcia.cofrm.com\/wp-content\/uploads\/2022\/09\/jornada-dermo-pdf-1024x733.png\" \/>\n<meta name=\"twitter:card\" content=\"summary_large_image\" \/>\n<meta name=\"twitter:label1\" content=\"Tiempo de lectura\" \/>\n\t<meta name=\"twitter:data1\" content=\"1 minuto\" \/>\n<script type=\"application\/ld+json\" class=\"yoast-schema-graph\">{\"@context\":\"https:\/\/schema.org\",\"@graph\":[{\"@type\":\"WebPage\",\"@id\":\"https:\/\/master.cofrm.com\/index.php\/el-cofrm-reune-a-los-mayores-expertos-en-dermofarmacia-de-espana-en-la-jornada-dermoconciencia\/\",\"url\":\"https:\/\/master.cofrm.com\/index.php\/el-cofrm-reune-a-los-mayores-expertos-en-dermofarmacia-de-espana-en-la-jornada-dermoconciencia\/\",\"name\":\"El COFRM re\u00fane a los mayores expertos en Dermofarmacia de Espa\u00f1a en la jornada \\\"DermoConCiencia\\\" - M\u00e1ster en Farmacia Comunitaria\",\"isPartOf\":{\"@id\":\"https:\/\/master.cofrm.com\/#website\"},\"datePublished\":\"2022-09-16T11:30:39+00:00\",\"dateModified\":\"2022-09-16T11:30:39+00:00\",\"breadcrumb\":{\"@id\":\"https:\/\/master.cofrm.com\/index.php\/el-cofrm-reune-a-los-mayores-expertos-en-dermofarmacia-de-espana-en-la-jornada-dermoconciencia\/#breadcrumb\"},\"inLanguage\":\"es\",\"potentialAction\":[{\"@type\":\"ReadAction\",\"target\":[\"https:\/\/master.cofrm.com\/index.php\/el-cofrm-reune-a-los-mayores-expertos-en-dermofarmacia-de-espana-en-la-jornada-dermoconciencia\/\"]}]},{\"@type\":\"BreadcrumbList\",\"@id\":\"https:\/\/master.cofrm.com\/index.php\/el-cofrm-reune-a-los-mayores-expertos-en-dermofarmacia-de-espana-en-la-jornada-dermoconciencia\/#breadcrumb\",\"itemListElement\":[{\"@type\":\"ListItem\",\"position\":1,\"name\":\"Portada\",\"item\":\"https:\/\/master.cofrm.com\/\"},{\"@type\":\"ListItem\",\"position\":2,\"name\":\"El COFRM re\u00fane a los mayores expertos en Dermofarmacia de Espa\u00f1a en la jornada &#8220;DermoConCiencia&#8221;\"}]},{\"@type\":\"WebSite\",\"@id\":\"https:\/\/master.cofrm.com\/#website\",\"url\":\"https:\/\/master.cofrm.com\/\",\"name\":\"M\u00e1ster en Farmacia Comunitaria\",\"description\":\"MasterFarmaciaComunitaria\",\"publisher\":{\"@id\":\"https:\/\/master.cofrm.com\/#organization\"},\"potentialAction\":[{\"@type\":\"SearchAction\",\"target\":{\"@type\":\"EntryPoint\",\"urlTemplate\":\"https:\/\/master.cofrm.com\/?s={search_term_string}\"},\"query-input\":\"required name=search_term_string\"}],\"inLanguage\":\"es\"},{\"@type\":\"Organization\",\"@id\":\"https:\/\/master.cofrm.com\/#organization\",\"name\":\"M\u00e1ster en Farmacia Comunitaria\",\"url\":\"https:\/\/master.cofrm.com\/\",\"sameAs\":[],\"logo\":{\"@type\":\"ImageObject\",\"inLanguage\":\"es\",\"@id\":\"https:\/\/master.cofrm.com\/#\/schema\/logo\/image\/\",\"url\":\"https:\/\/jornadadermomurcia.cofrm.com\/wp-content\/uploads\/2022\/09\/Logo_dermo.png\",\"contentUrl\":\"https:\/\/jornadadermomurcia.cofrm.com\/wp-content\/uploads\/2022\/09\/Logo_dermo.png\",\"width\":1173,\"height\":380,\"caption\":\"M\u00e1ster en Farmacia Comunitaria\"},\"image\":{\"@id\":\"https:\/\/master.cofrm.com\/#\/schema\/logo\/image\/\"}}]}<\/script>\n<!-- \/ Yoast SEO plugin. -->","yoast_head_json":{"title":"El COFRM re\u00fane a los mayores expertos en Dermofarmacia de Espa\u00f1a en la jornada \"DermoConCiencia\" - M\u00e1ster en Farmacia Comunitaria","robots":{"index":"index","follow":"follow","max-snippet":"max-snippet:-1","max-image-preview":"max-image-preview:large","max-video-preview":"max-video-preview:-1"},"canonical":"https:\/\/master.cofrm.com\/index.php\/el-cofrm-reune-a-los-mayores-expertos-en-dermofarmacia-de-espana-en-la-jornada-dermoconciencia\/","og_locale":"es_ES","og_type":"article","og_title":"El COFRM re\u00fane a los mayores expertos en Dermofarmacia de Espa\u00f1a en la jornada \"DermoConCiencia\" - M\u00e1ster en Farmacia Comunitaria","og_description":"El encuentro tendr\u00e1 lugar el 27 y 28 de octubre en el auditorio el Batel en Cartagena. La Vocal\u00eda de Dermofarmacia del Colegio Oficial de Farmac\u00e9uticos de la Regi\u00f3n de Murcia ha organizado, para los pr\u00f3ximos 27 y 28 de octubre, la II Jornada de Dermofarmacia bajo el t\u00edtulo \u2018DermoConCiencia\u2019 en el Auditorio y Palacio &hellip; Continuar leyendo \"El COFRM re\u00fane a los mayores expertos en Dermofarmacia de Espa\u00f1a en la jornada &#8220;DermoConCiencia&#8221;\"","og_url":"https:\/\/master.cofrm.com\/index.php\/el-cofrm-reune-a-los-mayores-expertos-en-dermofarmacia-de-espana-en-la-jornada-dermoconciencia\/","og_site_name":"M\u00e1ster en Farmacia Comunitaria","og_image":[{"url":"https:\/\/jornadadermomurcia.cofrm.com\/wp-content\/uploads\/2022\/09\/jornada-dermo-pdf-1024x733.png"}],"twitter_card":"summary_large_image","twitter_misc":{"Tiempo de lectura":"1 minuto"},"schema":{"@context":"https:\/\/schema.org","@graph":[{"@type":"WebPage","@id":"https:\/\/master.cofrm.com\/index.php\/el-cofrm-reune-a-los-mayores-expertos-en-dermofarmacia-de-espana-en-la-jornada-dermoconciencia\/","url":"https:\/\/master.cofrm.com\/index.php\/el-cofrm-reune-a-los-mayores-expertos-en-dermofarmacia-de-espana-en-la-jornada-dermoconciencia\/","name":"El COFRM re\u00fane a los mayores expertos en Dermofarmacia de Espa\u00f1a en la jornada \"DermoConCiencia\" - M\u00e1ster en Farmacia Comunitaria","isPartOf":{"@id":"https:\/\/master.cofrm.com\/#website"},"datePublished":"2022-09-16T11:30:39+00:00","dateModified":"2022-09-16T11:30:39+00:00","breadcrumb":{"@id":"https:\/\/master.cofrm.com\/index.php\/el-cofrm-reune-a-los-mayores-expertos-en-dermofarmacia-de-espana-en-la-jornada-dermoconciencia\/#breadcrumb"},"inLanguage":"es","potentialAction":[{"@type":"ReadAction","target":["https:\/\/master.cofrm.com\/index.php\/el-cofrm-reune-a-los-mayores-expertos-en-dermofarmacia-de-espana-en-la-jornada-dermoconciencia\/"]}]},{"@type":"BreadcrumbList","@id":"https:\/\/master.cofrm.com\/index.php\/el-cofrm-reune-a-los-mayores-expertos-en-dermofarmacia-de-espana-en-la-jornada-dermoconciencia\/#breadcrumb","itemListElement":[{"@type":"ListItem","position":1,"name":"Portada","item":"https:\/\/master.cofrm.com\/"},{"@type":"ListItem","position":2,"name":"El COFRM re\u00fane a los mayores expertos en Dermofarmacia de Espa\u00f1a en la jornada &#8220;DermoConCiencia&#8221;"}]},{"@type":"WebSite","@id":"https:\/\/master.cofrm.com\/#website","url":"https:\/\/master.cofrm.com\/","name":"M\u00e1ster en Farmacia Comunitaria","description":"MasterFarmaciaComunitaria","publisher":{"@id":"https:\/\/master.cofrm.com\/#organization"},"potentialAction":[{"@type":"SearchAction","target":{"@type":"EntryPoint","urlTemplate":"https:\/\/master.cofrm.com\/?s={search_term_string}"},"query-input":"required name=search_term_string"}],"inLanguage":"es"},{"@type":"Organization","@id":"https:\/\/master.cofrm.com\/#organization","name":"M\u00e1ster en Farmacia Comunitaria","url":"https:\/\/master.cofrm.com\/","sameAs":[],"logo":{"@type":"ImageObject","inLanguage":"es","@id":"https:\/\/master.cofrm.com\/#\/schema\/logo\/image\/","url":"https:\/\/jornadadermomurcia.cofrm.com\/wp-content\/uploads\/2022\/09\/Logo_dermo.png","contentUrl":"https:\/\/jornadadermomurcia.cofrm.com\/wp-content\/uploads\/2022\/09\/Logo_dermo.png","width":1173,"height":380,"caption":"M\u00e1ster en Farmacia Comunitaria"},"image":{"@id":"https:\/\/master.cofrm.com\/#\/schema\/logo\/image\/"}}]}},"_links":{"self":[{"href":"https:\/\/master.cofrm.com\/index.php\/wp-json\/wp\/v2\/pages\/815","targetHints":{"allow":["GET"]}}],"collection":[{"href":"https:\/\/master.cofrm.com\/index.php\/wp-json\/wp\/v2\/pages"}],"about":[{"href":"https:\/\/master.cofrm.com\/index.php\/wp-json\/wp\/v2\/types\/page"}],"author":[{"embeddable":true,"href":"https:\/\/master.cofrm.com\/index.php\/wp-json\/wp\/v2\/users\/1"}],"replies":[{"embeddable":true,"href":"https:\/\/master.cofrm.com\/index.php\/wp-json\/wp\/v2\/comments?post=815"}],"version-history":[{"count":1,"href":"https:\/\/master.cofrm.com\/index.php\/wp-json\/wp\/v2\/pages\/815\/revisions"}],"predecessor-version":[{"id":817,"href":"https:\/\/master.cofrm.com\/index.php\/wp-json\/wp\/v2\/pages\/815\/revisions\/817"}],"wp:attachment":[{"href":"https:\/\/master.cofrm.com\/index.php\/wp-json\/wp\/v2\/media?parent=815"}],"curies":[{"name":"wp","href":"https:\/\/api.w.org\/{rel}","templated":true}]}}